(17572/(-5) + -7)?
2
Suppose 6*i = 4*i - 3*y - 2, -4*i + 2*y = -28. Suppose 7*t = -5*q + 10*t + 1733, q = -i*t + 341. What is the units digit of q?
6
Let t(f) = -22*f + 2231. What is the tens digit of t(-42)?
5
Let h(l) = -l**2 - 17*l - 12. Let v be h(-14). Let j = 34 - v. Suppose y - j = -0. What is the units digit of y?
4
Suppose -l = -3*q + 95550 + 37602, 0 = 4*q - 4*l - 177544. What is the hundreds digit of q?
3
Suppose -6349 = -5*y + n, -y + 1306 - 57 = 5*n. What is the thousands digit of y?
1
Suppose -5*s - 5485 = -2*i, 0 = 2*i - 3*i + 4*s + 2747. What is the units digit of i?
5
Let x(b) be the third derivative of -92*b**4/3 - b**3 + 66*b**2 + 2. What is the tens digit of x(-1)?
3
Let a = -9475 - -27647. What is the ten thousands digit of a?
1
Let h(x) = x**3 - 2*x**2 - 6*x - 4. Let n be h(4). Let y(s) = 15*s**2 - 10*s + 17. What is the units digit of y(n)?
7
Let q be ((-34)/2 - (-15)/3)/(-2). Suppose 5*z + 2*k - 3157 = 0, 0 = -q*z + 7*z - 5*k - 653. What is the units digit of z?
3
Let w(l) = -46 + 9*l + l - 18*l. Let v be w(-6). Suppose -3*r + 80 = -v*r. What is the units digit of r?
0
Let s(h) = 369*h + 1381. What is the hundreds digit of s(48)?
0
Suppose -10*b + 58 = -922. Suppose -99*h + b*h = -12. What is the units digit of 2*(134 + h/4)?
4
Suppose 11956 = 11*o - 14950. Let j = o + -1648. What is the tens digit of j?
9
Suppose 160450*l = 160413*l + 2183222. What is the tens digit of l?
0
Let v(a) = 3*a**3 - a**2 + 291. Suppose -13*x + 10*x - 360 = 0. Let r = x - -120. What is the tens digit of v(r)?
9
Suppose -n + 6735 = -g, 7*g = 5*g - 6. What is the tens digit of n?
3
Suppose 108*c - 114*c + 30 = 0. Suppose -4*d + 3138 = 73*z - 71*z, -3*d - c*z = -2343. What is the hundreds digit of d?
7
Let p(c) be the second derivative of -c**5/60 - c**4/4 - c**3 - 15*c**2/2 - 13*c. Let j(v) be the first derivative of p(v). What is the units digit of j(-4)?
2
Let h(a) = 2*a**3 + 28*a**2 + 14*a + 18. Suppose -9*v + v = 96. What is the hundreds digit of h(v)?
4
Suppose 13*d - 3944 = -4*d. Suppose 86 = 3*c - 331. Let f = d - c. What is the units digit of f?
3
Suppose -5*g + 5*z = -85, 8 + 8 = -4*z. Let k = -12 + 14. Suppose -5*v - 2*s + 146 = 0, k*s + 9 = v - g. What is the tens digit of v?
2
Let q be (-8)/10 + 420/25. Let o = q - -5. Suppose 5*d = -i + 61, -30 - o = -4*d - 3*i. What is the units digit of d?
2
What is the tens digit of 3732/(-10 + 288/28)?
6
Let m be ((-25)/(-15))/5 - 9732/(-18). Let l = m + 26. What is the tens digit of l?
6
Let a = -27 + 29. Suppose r - a*f - 21 = 3, r = 5*f + 18. What is the units digit of 8/r + (-99)/(-21)?
5
Suppose -2 = -0*g - g + o, -4*g - 5*o = -53. Suppose 15*w = 8*w - g. Let y = w + 51. What is the tens digit of y?
5
Suppose 0 = 3*h - 6*h + 732. What is the hundreds digit of h/(7 + (-36)/6)?
2
Let x(j) = -j**3 - 2*j**2 + 5. Let v be x(0). Suppose -4 = v*o - 9, 5*c - 9 = o. Suppose c*z - 1280 = -6*z. What is the hundreds digit of z?
1
Let q(v) = -927*v**3 - 7*v**2 + 9*v + 20. What is the thousands digit of q(-2)?
7
Suppose -440*m - 9 = -439*m. What is the tens digit of ((-90)/2)/(57/m - -6)?
3
What is the thousands digit of -1 - ((-46107)/27)/((-4)/(-12))?
5
Let v(x) = -x**2 + 16*x - 21. Let a be v(15). Suppose 3*b - 7*b = -5*m + 561, -m + 5*b = -108. Let u = m + a. What is the tens digit of u?
0
What is the units digit of (-282)/(-4)*35/(3780/55152)?
2
Suppose 0 = 5*t - 4 - 11. Let k(g) = 14*g**3 - 3*g**2 - 5*g + 4. What is the units digit of k(t)?
0
Suppose 16*d + 5248 + 15824 = 0. Let c = -285 - d. What is the tens digit of c?
3
Let q = 594 + -105. Suppose -2*d + q + 39 = 0. Suppose -6*u + d = -3*u. What is the units digit of u?
8
Suppose 5*d + 14 = 89. Suppose 0 = l - 5*v + d, -4*l + 2 = -3*v + 11. Let k(g) = 4*g + 125. What is the hundreds digit of k(l)?
1
Suppose -2*b + 17716 = 20*s - 17*s, 2*b = 5*s + 17668. What is the hundreds digit of b?
8
Suppose 5*i = 3*i - w + 1395, -3*i + 2*w + 2089 = 0. Suppose -3*q + 13*a = 9*a - i, 0 = 5*a + 20. What is the hundreds digit of q?
2
Let f(b) = 51*b - 2. Let z be f(9). Let u = z + 988. What is the tens digit of u?
4
Let m(v) = 210*v**2 - 19*v - 98. What is the hundreds digit of m(-8)?
4
Suppose 0 = 11*b + b + 5868. Let u = 1667 + b. What is the units digit of u?
8
Let p(n) = -2*n + 48. Let r be p(20). Suppose -r*x - 4445 = -15*x. What is the tens digit of x?
3
Let p = 41459 + 4695. What is the thousands digit of p?
6
Suppose p = 4*a - 26486, -26*a = -24*a - 4*p - 13264. What is the thousands digit of a?
6
Suppose 83*m - 7408945 = 45*m - 299*m. What is the tens digit of m?
8
Suppose 682944 + 1105353 = 31*d. What is the thousands digit of d?
7
Suppose -4*f + 103 = 3*h, 21 = h - 5*f + 3*f. Suppose h*q - 1552 = 25*q. What is the units digit of q?
8
Let h(x) = 28*x + 39. Suppose 4*q = 147 - 75. What is the tens digit of h(q)?
4
Let b(i) = -381*i - 1447. What is the units digit of b(-110)?
3
Suppose 21*h + 2716 = 28*h. Let j = 597 + -374. Let w = h - j. What is the units digit of w?
5
Let j be (-5)/3 + (-32)/24. What is the thousands digit of 3*j/(-18) - (-17689)/14?
1
Suppose -20*b + 57936 = -10*b + 14*b. What is the thousands digit of b?
2
Suppose -4*r + 24 = 0, 0 = 3*f - 5*r + 2*r - 106371. What is the hundreds digit of f?
4
Let q = -44 - -42. Let f be (66/9)/(-11)*(-1 + q). Suppose -f*w - 4*r + 94 = -84, -r + 247 = 3*w. What is the tens digit of w?
8
Suppose 3*q - l = -51, 5*q + l = -4*l - 85. Let x(i) = -41*i - 257. What is the hundreds digit of x(q)?
4
Let i be (36/10)/(102/(-680)). Let f(x) = 11*x**2 + 3*x + 1. Let q be f(-2). Let w = i + q. What is the tens digit of w?
1
Suppose 27*h = 26*h + 455. Suppose 0 = -3*n - 3*r + 1389, -10*r = n - 5*r - h. What is the units digit of n?
5
What is the tens digit of (-4 + (-93751)/(-21))*18/6?
8
Suppose 345 - 37 = 2*o. Let t be 28/o - (-12472)/11. Suppose -t = 15*a - 3369. What is the hundreds digit of a?
1
Suppose 5*u = -5*w + 1715, u + 0*u - 337 = 5*w. Let j be (-1)/(-4) - u/24. What is the units digit of j/10 + 2 + 8274/35?
7
Let m(l) = -l**3 - 2*l**2 + 29*l + 15786. What is the tens digit of m(0)?
8
Let w(u) = -7*u**3 + 125*u**2 - 5*u - 13. Let i be w(18). Let m = 653 + i. What is the hundreds digit of m?
2
Let f be (-1)/7 - 120025/175. What is the hundreds digit of f/(-3) + (-30)/(-90)?
2
Suppose 5*p - 5*b - 91965 = 0, 43*p - 40*p = 4*b + 55179. What is the tens digit of p?
9
Suppose -39*m + 38*m = -15. What is the units digit of (-30)/(-5) - -19*m?
1
Let v(j) be the third derivative of j**5/60 + j**4/24 - 13*j**3/6 + j**2. Suppose -4*o + 3*s - 18 = 6, -4*o - 40 = s. What is the tens digit of v(o)?
5
Let y be 8204/8 - ((-12)/(-8))/(-1). Let n = y - 261. What is the hundreds digit of n?
7
Let c(l) = -79*l**3 + 30*l**2 + 101*l + 25. What is the tens digit of c(-3)?
2
Let n = 29 + -62. Let q = n + 30. What is the units digit of (13/(-3))/(q/54)?
8
Let a(y) = -y**2 - 6*y - 6. Let q be a(-1). Suppose 3*d + c - 502 = -c, 2*d = c + 337. What is the tens digit of d*q*12/(-16)?
2
Suppose -2116 = -2*c - 2106. Let h(s) = 30*s**3 - 3*s + 2. Let q be h(3). Suppose 177 + q = c*i. What is the tens digit of i?
9
Let r(w) = w**3 + 13*w**2 - 6*w + 22. Let v be r(-12). Suppose v*h = 248*h - 3450. What is the tens digit of h?
4
Let b = 53 + -49. Let u(g) = -g**3 + 6*g**2 - 5*g + 1. Let s be u(b). Let p(k) = k**3 - 15*k**2 + 28*k - 7. What is the units digit of p(s)?
9
Let r be 8 - (-3 - 25/(45/(-9))). Let t be (-2)/((-8)/(-3))*-140. Let z = r + t. What is the units digit of z?
1
Let f be (-28 - -26)*(2058/(-4))/(-3). Let d = 641 + f. What is the hundreds digit of d?
2
Let h(v) = 5*v + 48. Suppose -11*k = 43 - 10. What is the units digit of h(k)?
3
Let q(o) = -o**2. Let t(h) = 5*h**2 + h - 26. Let i(x) = 4*q(x) + t(x). What is the thousands digit of i(-42)?
1
Suppose 109*y = 110*y - 2. What is the thousands digit of 2/17 - (-213417)/306*y?
1
Let c(i) = 295*i - 1901. What is the ten thousands digit of c(43)?
1
Let o(v) = -v**2 - 22*v - 26. Let l be o(-18). Let c = 61 - l. What is the tens digit of 6/(-9) - (-235)/c*10?
5
Let s = 14640 - 8673. What is the thousands digit of s?
5
Let m = 52925 + -20303. What is the tens digit of m?
2
Suppose 0 = 5*k + 4*z - 38305, -k + 3*z + 7469 = -211. Suppose -18*i = -k - 4701. What is the units 